2. Suppose -z = f - 33. Calculate the remainder when 3 is divided by (-6)/4*(-36)/f.
1
Let k = 21 - 38. Let z = k + -17. Let g = 59 + z. Calculate the remainder when 48 is divided by g.
23
Calculate the remainder when 14/(-18) - -1 - (-1328)/18 is divided by 24.
2
Let r = -2 - 5. Let m(k) = k**3 + 6*k**2 - 5*k + 17. Let d be m(r). Suppose -d*y = -y - 16. Calculate the remainder when 21 is divided by y.
5
Let v = 204 - 189. Let w be (-2)/6 - (-41)/(-3). What is the remainder when (-595)/w - (-1)/(-2) is divided by v?
12
Suppose -53*y = -10*y - 645. What is the remainder when 295 is divided by y?
10
Calculate the remainder when 59 is divided by ((-88)/40)/11 - 63/(-15).
3
Let w be 1*(-3 - (-6)/3). Let s = 1 - w. Suppose -3*t + 85 = 4*f - s*f, -3*f = -2*t - 108. Calculate the remainder when f is divided by 13.
12
Suppose -5*l = -l - 200. Let n be (l/(-6))/((-9)/27). Suppose w = -3*y + 7, 3*y - 8 + n = 5*w. What is the remainder when 8 is divided by w?
0
What is the remainder when 0/(-1) + (-59)/(-1) is divided by (-20)/80 + 69/4 + -1?
11
Suppose -2*u - 55 + 67 = 0. Calculate the remainder when 17 is divided by u.
5
Suppose -7*g - 10*g + 493 = 0. What is the remainder when 49 is divided by g?
20
Let s(k) = 7*k**3 + 4*k**2 - 4*k - 24. Let r(t) = 6*t**3 + 5*t**2 - 4*t - 22. Let x(a) = 6*r(a) - 5*s(a). Calculate the remainder when x(-10) is divided by 11.
6
Let l(v) = -13*v - 91. Calculate the remainder when 0 - (2 + 0 - 104) is divided by l(-9).
24
Suppose -526 = -10*w - 56. Suppose 5*h = 57 + 68. What is the remainder when w is divided by h?
22
Let t = 189 - 57. Calculate the remainder when t is divided by 34.
30
Suppose 24*j - 253 = -13. What is the remainder when 55 is divided by j?
5
What is the remainder when (-5 + 3 + -130 + 3)/(-1) is divided by 34?
27
Suppose 2*q - 2*k - 429 + 99 = 0, -3*q + 477 = 6*k. What is the remainder when q is divided by 26?
7
Let l(i) = -i**3 - i**2 + 3*i + 8. Let o be l(-3). Suppose h + g = o, -h + 4*g + 17 = -0*h. What is the remainder when 64 is divided by h?
13
Let a(w) = 85*w - 332. Let g = 107 - 68. What is the remainder when g is divided by a(4)?
7
Suppose 3 = 2*p - 3. Suppose 4*d - 272 = -p*q, d = -2*q + 68 + 110. Calculate the remainder when 16 is divided by 4/(-14) - q/(-14).
4
Let w(s) = -s**2 - 5*s + 6. Let z(d) = -1. Let v(l) = -l - 3. Let f(x) = -v(x) + z(x). Let n be f(-7). What is the remainder when 15 is divided by w(n)?
3
Let z = 26 + -16. Suppose 2*i - w = -11, 3*i = -5*w + w. Let g = 10 + i. What is the remainder when z is divided by g?
4
Suppose 3*a + 84 = 3*s, 4*s - 29 - 86 = a. What is the remainder when 109 is divided by s?
22
Suppose z - 9 - 3 = 0. Suppose -7*m + 174 = -232. Suppose 0 = 5*k + 3*x - 107, -4*k + 27 + m = 3*x. Calculate the remainder when k is divided by z.
10
Suppose -4*h + 132 = 4*u, 0*u = -5*h - 4*u + 162. Calculate the remainder when 112 is divided by h.
22
Suppose -11*o + 492 = -7*o. Let t = o - 68. Calculate the remainder when 219 is divided by t.
54
Let v(q) = -q**3 - 2*q**2 - 10*q - 7. Calculate the remainder when v(-4) is divided by 18.
11
Suppose -c + o + 5 = 0, 5*c - 44 = o - 19. Suppose 4*v - v = -9, -r = -3*v - 82. What is the remainder when r is divided by c?
3
Let y = -35 - -37. Suppose 3*f = y*f + 6. Suppose f*h - 8 = 5*h. Calculate the remainder when 14 is divided by h.
6
Suppose 3*p = -4*f + 1590, 70*f - 72*f + 1584 = 3*p. Calculate the remainder when p is divided by 88.
86
Let t(g) be the third derivative of g**6/120 - 13*g**5/60 - 3*g**4/8 + 10*g**3/3 - 13*g**2. Calculate the remainder when t(14) is divided by 31.
28
Suppose -2*r + 1268 = 3*g, 10 - 18 = -2*g. Calculate the remainder when r is divided by 21.
19
Suppose -22 = 3*s - 40. Suppose 5*w - 4*p - 24 = 0, -s*w + 3*p - 36 = -9*w. Calculate the remainder when 13 is divided by w.
5
Suppose 4*y - 27 = 3*g, -5*y + g = -13 - 7. Suppose 3*f - 44 - 45 = 2*z, 4*f - y*z - 120 = 0. Calculate the remainder when f is divided by 7.
6
Let z(n) = 9*n + 104. What is the remainder when z(22) is divided by 17?
13
Suppose -3*w + 18 + 0 = 0. Let p(r) = -r + 5. Let n be p(w). What is the remainder when ((-276)/(-3))/(3 + n) is divided by 12?
10
Suppose 2 = -q + 5*d + 5, 0 = -2*d + 10. Calculate the remainder when q is divided by 9.
1
Let x(j) = -j**3 - 4*j**2 + j - 17. Let v be x(-5). Suppose 2*i = 11 + v. What is the remainder when i is divided by 4?
3
Suppose 5*l - 5 = 0, -6*l - 279 = -4*s - l. Suppose 2*h = -4*y + 70, -3*y + s = y + h. What is the remainder when 13 is divided by (-6)/y + 20/6?
1
Suppose -216 = -m - 71. What is the remainder when m is divided by 37?
34
Suppose 0 = 419*w - 422*w + 153. Calculate the remainder when 508 is divided by w.
49
Suppose 4*v = -5*a + 195, 0 = 4*v - 3*a - 229 + 26. Calculate the remainder when 148 is divided by v.
48
Suppose v - 1 = 4. Let t be (-8)/(-10)*(-20)/(-4). What is the remainder when 22 is divided by ((-2)/t)/(v/(-80))?
6
Suppose 2*t - y = 25, -3*t + 8*t = -y + 66. Suppose t*l + l = 658. What is the remainder when 90 is divided by l?
43
Let j(q) = -q - 3. Let m be j(-5). Let c = 13 - m. Calculate the remainder when 54 is divided by c.
10
Suppose 2520 = 72*x - 2*x. What is the remainder when 98 is divided by x?
26
Let f(t) = -3*t**2 - 3*t + 14. Suppose -2*n - 8 = i, 2*n - 3*i + 6 = 14. What is the remainder when f(0) is divided by (-3 - n)/((-1)/9)?
5
Let p(b) = 3*b**2 + 14*b + 12. Let s = -10 - -1. Let j be p(s). Suppose h - 5*h = 0, 3*m + 5*h = j. What is the remainder when m is divided by 23?
20
Let s = -242 - -427. Suppose 0 = -2*m - 43 + s. What is the remainder when m is divided by 18?
17
Let h = 397 - 391. What is the remainder when 28 is divided by h?
4
Suppose 0 = -11*c + 9*c + 10. Suppose c*b - 5*q - 55 = 0, q + 2*q + 46 = 4*b. What is the remainder when b is divided by 6?
1
Suppose 5*w - 301 = 3*u, 0 = 4*w + 8*u - 4*u - 228. Let t = 82 - w. What is the remainder when t is divided by 16?
7
Suppose 5*a = -m + 350, -202 - 148 = -5*a - 4*m. What is the remainder when 341 is divided by a?
61
Let v(x) = -x**3 + 10*x**2 + 2*x - 11. What is the remainder when 14 is divided by v(10)?
5
Let n(y) = y**3 + 4*y - 3 - y**2 - 2*y**3 - y + 2*y**2. Let g be n(2). Let q = g + 11. What is the remainder when 37 is divided by q?
7
Let a(l) = 7*l + 125. Calculate the remainder when a(10) is divided by 70.
55
Let g(v) = -v**2 + v + 1. Let y(u) = 13*u + 23. Let s(n) = -g(n) + y(n). What is the remainder when s(-13) is divided by 10?
5
Let k = -157 - -46. Let u = 135 + k. Calculate the remainder when 116 is divided by u.
20
Suppose 0 = 6*j - 2*j. Suppose -12*l + 20 + 244 = j. What is the remainder when 65 is divided by l?
21
Let h = -636 - -723. Calculate the remainder when 174 is divided by h.
0
Let h(n) = 11*n - 36. Let k(t) = 22*t - 71. Let d(m) = 7*h(m) - 3*k(m). Calculate the remainder when 10 is divided by d(4).
0
Suppose 2*y - 3*y - 31 = -2*u, -57 = -3*u + 5*y. Let h(a) = a**2 + 6*a + 5. Let r = 13 - 19. Calculate the remainder when u is divided by h(r).
4
Suppose c + 6*o - o + 26 = 0, -3*c + 17 = -4*o. Let v be (-385)/(-10) + c/2. Suppose -4*f + 38 = -v. Calculate the remainder when f is divided by 7.
5
Let g = -42 + -44. Let l = -52 - g. What is the remainder when 67 is divided by l?
33
Let m(i) = 2*i**3 - 2*i**2 + 4*i - 3. Let z be m(2). Suppose h = -z + 48. Calculate the remainder when h is divided by (38/(-4))/(3/(-6)).
16
Suppose 0 = 5*o - 4*p - 5793, 10*o + 4*p = 13*o - 3479. Calculate the remainder when o is divided by 20.
17
Let h = 45 + -35. Let j = -6 + 9. Suppose -n + 16 = j*n. Calculate the remainder when h is divided by n.
2
Let q be 5*-21*(-14)/42. Suppose -40*n + 105 = -q*n. Calculate the remainder when 38 is divided by n.
17
Let o(h) be the first derivative of 3*h**2/2 - 4*h - 2. Let v = -3 - -13. Calculate the remainder when o(v) is divided by 7.
5
Suppose 4*q + 4*j + 0*j = -276, 2*q + 130 = -4*j. Let h = q - -85. What is the remainder when 33 is divided by h?
9
Suppose -11*v - v + 552 = 0. Suppose 0 = -19*w + 21*w - v. What is the remainder when 41 is divided by w?
18
Let o(k) = k**2 - 4*k + 6. Let y be o(2). Suppose -9 - 83 = -y*z. What is the remainder when z is divided by 2 + -2 + 15 + 2?
12
Let p(l) = -l**2 - 14*l - 3. What is the remainder when p(-11) i